**2 + 29*v + 18. Let g be h(-29). Calculate the highest common factor of 15 and g.
3
Suppose 9 = 4*x + 2*f + 151, -x - 31 = -4*f. Let z be -3*(-4 - x)*1. Let n be 16/12*(3 - z). Calculate the greatest common divisor of 16 and n.
16
Suppose 12 = 3*m, 3*x = 5*x + 4*m - 46. What is the highest common divisor of x and 540?
15
Let z = 24 - 12. Let t(o) = -o**3 + 12*o**2 + 13*o - 15. Let d be t(13). Let i be (-180)/14*70/d. Calculate the highest common factor of i and z.
12
Let t(i) = 2*i**3 - 68*i**2 - 63*i - 70. Let c be t(35). What is the highest common divisor of c and 14?
7
Let v(w) = 2*w**2 + 4*w + 1. Let i be v(3). Let x(b) = -13*b + 10. Let m be x(-5). Let c = m - i. What is the greatest common factor of 4 and c?
4
Let y(j) = j**3 - 15*j**2 + 15*j - 13. Let q be y(14). Let f be (-3 - -7 - q) + (1 - -95). What is the highest common factor of f and 22?
11
Suppose 0 = -2*c + 3*d + 644, 2*c - d - 715 + 75 = 0. What is the greatest common divisor of 29 and c?
29
Let m = 494 + -219. What is the greatest common divisor of m and 55?
55
Let o(p) = 201*p**2 + 6*p - 4. Let i be o(1). Calculate the greatest common divisor of 14 and i.
7
Let a(l) be the second derivative of -1/3*l**4 + 1/10*l**5 + 0*l**2 + 0 - 7*l - 1/6*l**3. Let u be a(3). Calculate the highest common factor of 5 and u.
5
Let c = 689 - 593. Calculate the greatest common divisor of 12 and c.
12
Let r be (12/(-3))/(-4) - 1. Let x be ((-16)/(-20) - r)*-565. Let b be x/(-14) + 4/(-14). Calculate the greatest common divisor of 128 and b.
32
Suppose -4*y = 5*q - 36, -5*y - 6*q = -3*q - 32. Suppose -15 = -c - y*b + 7, -5*c = -2*b - 22. Calculate the highest common factor of 42 and c.
6
Let u = -44 - -1370. What is the highest common divisor of 26 and u?
26
Let k = 39 - 23. Let o = -313 + 337. Calculate the highest common divisor of k and o.
8
Suppose 5*n = -2*s - 1 + 2, -4*n = s + 7. Calculate the greatest common divisor of s and 91.
13
Let v(j) = -3*j + 4. Let i be v(-4). Let y(o) = o**2 + 7*o. Let d be y(-8). What is the highest common factor of i and d?
8
Let b be 3 - 0 - 4/(-8)*0. Let s = b + 6. What is the highest common divisor of 72 and s?
9
Suppose 195 = 3*d - 21. Let a be -3 - 4/(-6)*(d + 0). What is the greatest common factor of a and 495?
45
Let h = 0 + 3. Let j be ((-4)/h)/(4/(-42)). Let o = j + 20. Calculate the greatest common factor of o and 85.
17
Let t be 11/121 + 5056/44. What is the greatest common factor of t and 368?
23
Let l = 22 - 16. Suppose 4*q + l*x - 88 = 2*x, -4*x = -3*q + 87. Let w = 159 + -9. Calculate the highest common factor of q and w.
25
Suppose 2*q = -3 + 11. Let y(w) = w**3 - 5*w**2 + 5*w - 4. Let p be y(q). Suppose p = -u - 3*u + 192. Calculate the highest common divisor of 12 and u.
12
Let a = 613 + -548. Let y(h) = -h**2 + 9*h + 6. Let t be y(5). What is the highest common divisor of t and a?
13
Let c be (13/((-117)/294))/((-2)/3). Calculate the highest common divisor of c and 784.
49
Suppose -4*u - 4*m + 2272 = 0, u - 2*m - m = 564. What is the highest common divisor of u and 126?
63
Suppose 3780 = 30*v + 15*v. What is the highest common factor of v and 48?
12
Let c be -12 + 3501 - -11 - (-8 + 1). What is the greatest common factor of 21 and c?
21
Let q(b) = b**2 + 12*b - 13. Let a be q(-13). Suppose -g + 2*u + 8 = a, 2*g + 3*g + 5*u = 100. What is the highest common divisor of g and 48?
16
Let x = 669 + -553. Calculate the highest common factor of x and 319.
29
Let c(a) = -8*a + 243. Let z be c(19). What is the greatest common divisor of 65 and z?
13
Suppose 8*t + 960 = 20*t. Calculate the highest common factor of t and 8.
8
Suppose -3*n = 5*x + 12, 5*x - 3*n = 2*x + 12. Let y be (-21 + 23)*(148 - x). What is the greatest common divisor of y and 37?
37
Let r(k) = -2*k - 9. Let i(j) = 1. Let o(c) = 6*i(c) - r(c). Suppose 0 = 11*s - 3*s + 40. Let n be o(s). What is the highest common factor of 5 and n?
5
Suppose -46 = k - 49. Calculate the highest common factor of 57 and k.
3
Suppose -a = -2*a + 24. Suppose -1 - 75 = -4*b. Suppose 5*w - b = 2*s, -w + 5*w - 29 = -3*s. What is the greatest common factor of a and s?
3
Let t = 128 + -123. Suppose -5*i + 33 = -4*p - t, -4*i + 14 = 5*p. Calculate the highest common divisor of 54 and i.
6
Let m be (5/(-4))/(6/(-18216)). Suppose -315 = 15*u - m. What is the greatest common factor of u and 29?
29
Let t be (440/18)/((-44)/(-198)). What is the highest common factor of t and 50?
10
Let u = -2566 + 2567. Suppose 3*i - 3 = -q, -i - 3*i = 4*q + 4. Suppose 0 - i = -2*n. Calculate the highest common divisor of n and u.
1
Suppose -4*j = -2*j - 238. Suppose -3*d + 0*d = 3*y + 117, 4*y + 3*d = -156. Let n = -22 - y. What is the greatest common factor of n and j?
17
Suppose -19 = -2*g + 9. Suppose -13*j + g*j = 0. Suppose i - 20 = -2*h - 3*i, -5*h + 5*i + 110 = j. What is the greatest common factor of 6 and h?
6
Let q = -166 + 281. Suppose -3*m + q + 269 = 0. What is the greatest common factor of 8 and m?
8
Let i(s) = -3*s**3 + s**2 - 1. Let p be i(-1). Let y be p/(-4 + (-62)/(-14)). Suppose 3*l - 56 = -l. What is the greatest common factor of y and l?
7
Let k be 1504/7 + (-5)/(-35). Calculate the greatest common divisor of k and 10.
5
Let h(u) = u**2 + 18*u + 10. Let b be h(-19). What is the greatest common divisor of 116 and b?
29
Suppose -2*j - 4*j + 282 = 0. Let x = j + -36. What is the greatest common divisor of x and 22?
11
Let m(n) = n**2 + 5*n - 8. Let y(p) = -p**2 - 4*p + 7. Let t(j) = -3*m(j) - 4*y(j). Let r be t(-4). Calculate the greatest common divisor of r and 1.
1
Suppose 101*f - 123*f = -6138. Calculate the highest common divisor of 27 and f.
9
Suppose 4*p = 2*p + 10. Let u be (-17 + 2)*(-6)/p. Suppose -3*l + 0 = -9, -l - 3 = -3*o. Calculate the greatest common divisor of u and o.
2
Let a(h) = h - 1 - 1 - 3 - 1. Let r be a(4). Let t(i) = 9*i**2 + i + 2. Let v be t(r). Calculate the greatest common divisor of v and 12.
12
Let r = 17 + -6. Let b = 160 - 152. Suppose -b*y = -118 - 234. What is the greatest common divisor of y and r?
11
Suppose -5*w + 4*w + q + 44 = 0, 0 = 4*w + 3*q - 155. What is the greatest common divisor of 82 and w?
41
Suppose 59 = b + 5*z, 2*b + 3*z + 75 = 3*b. Suppose b = -4*p - r, 3*p + 34 = 2*r - 4. Let t = p - -24. What is the highest common factor of t and 12?
4
Let m(f) = 63*f - 801. Let g be m(13). Calculate the highest common factor of 102 and g.
6
Suppose 0 = 5*c - 4*c - 12. Suppose -3*d - 175 = -4*u + 257, -2*u = 2*d - 216. Calculate the highest common factor of u and c.
12
Let l(v) = v**3 - 5*v**2 - 7*v - 7. Let t be l(7). Let u = -36 + t. What is the highest common divisor of u and 9?
3
Let m(i) = 4*i - 41. Suppose -4*o - 3*x + 92 = 0, -o + 2*x + x + 8 = 0. Let n be m(o). Calculate the greatest common factor of 13 and n.
13
Suppose 5*z + 1 = 76. Suppose -m = -n + z, 4*n + 4*m - 14 - 22 = 0. Suppose k = 3*k - 6. Calculate the highest common factor of k and n.
3
Let b be 0 + 0 + -10 + 24. Let x be -3 + 36 + 1 - 2. Let q = 46 - x. What is the highest common factor of q and b?
14
Let k be 3 + 153/(-63) - 622/(-14). Calculate the greatest common factor of k and 1125.
45
Let l(f) = 6*f + 5. Let j(p) = p**2 - 10*p - 12. Let d be j(9). Let s = d - -24. Let k be l(s). What is the highest common factor of 115 and k?
23
Suppose 3*n + 2 + 16 = 0. Let j = n + 10. Let b be (-1 - 1) + 0 + 4. Calculate the greatest common divisor of b and j.
2
Let h be (-11)/1*(-24 + 9). What is the highest common factor of 55 and h?
55
Suppose -19*c + 17*c + 8 = 0. Let g(v) = -v**2 - 5*v + 5. Let b be g(-6). Let t be b*1/(-1) + 0. Calculate the highest common divisor of c and t.
1
Let f = 0 - -5. Let x be 16/80 - (-4)/f. Suppose -2*j - 4*l - x = -3, 2*l = 5*j - 53. Calculate the highest common factor of 9 and j.
9
Let n be -12*(-30)/(-12)*-2. Calculate the highest common factor of 150 and n.
30
Let g be ((-8)/(-6))/((-4)/(-6)). Let v = 389 + -388. Calculate the highest common factor of g and v.
1
Let z(q) = -10*q**2 + 3*q + 2. Let i be z(-1). Let f = i - -15. Calculate the highest common factor of 20 and f.
4
Suppose -3*x - 12 = -27. Suppose -x*j - 120 = -9*j. Calculate the greatest common divisor of 75 and j.
15
Let m = -534 - -549. What is the highest common factor of m and 87?
3
Suppose 0 = 3*i - 2*b -